+ 40. Let z be ((-1)/(-2))/(1/(-4)). Let g = r - z. Calculate the remainder when 28 is divided by g.
8
Let c be (41 + -1)*10/25. Suppose 2 + c = 3*n. Calculate the remainder when 17 is divided by n.
5
Suppose 0 = -4*b + 12, 2*u - b + 2*b = 7. Suppose -2*h + 4 = 2*d - 26, 4 = u*d. Suppose 0 = -2*r + 29 + 19. Calculate the remainder when r is divided by h.
11
Suppose -5*k = 3*r - 36, -5*r = 4*k - 36 - 11. What is the remainder when r is divided by 6?
1
Let o = -14 - -25. Let n(t) = -t**2 + 5*t + 6. Let u be n(-5). Let v = u + 75. What is the remainder when v is divided by o?
9
Let w(z) = z + 23. Calculate the remainder when 7 is divided by w(-17).
1
Suppose -p + 244 = p. What is the remainder when p is divided by 26?
18
Let q = -4 + 6. Calculate the remainder when 1*10*3/6 is divided by q.
1
Suppose 0*p - 80 = -4*p. Suppose -s + 2*s = -p. Calculate the remainder when (15/6)/((-2)/s) is divided by 13.
12
What is the remainder when 33 is divided by -1 + 70/(-21)*(-1 + -2)?
6
Let y(j) = j**2 - 2*j + 17. Calculate the remainder when y(0) is divided by 6.
5
Suppose 4*k + 9 = 41. Let x(i) = 3*i**2 + 3. Calculate the remainder when x(2) is divided by k.
7
Let s = -11 - -38. Suppose 0*w + s = 3*w. What is the remainder when w is divided by 6?
3
Suppose 5*v - 135 = -30. Calculate the remainder when 366/9 - (-1)/3 is divided by v.
20
Let g = 14 + 1. Suppose -2*p + 58 = 4*l, -4*l + l + g = 0. Calculate the remainder when 73 is divided by p.
16
Suppose -3*p + 0*p = -2*w + 22, -p = 5*w - 21. Let d be (-1 + -2)/(1/(-4)). Suppose -w*n - d = -77. What is the remainder when n is divided by 7?
6
Let o(l) = l + 5. Let p be o(0). Suppose -u - u + 2*d + 54 = 0, p*d = -5*u + 135. Calculate the remainder when 78 is divided by u.
24
Let w = 17 + -5. Let o(r) = 6*r + 12. Let h be o(-8). Let c = h + 57. What is the remainder when c is divided by w?
9
Let g(m) = 12*m**2 + m. Let c(y) = 2*y + y - 9*y**2 + y**3 + 5*y + 7. Calculate the remainder when g(1) is divided by c(8).
6
Suppose -10 = 2*g + 4*x, -2*g - 3*x - 1 - 5 = 0. Suppose r = -g*r + 72. Calculate the remainder when 33 is divided by r.
15
Let y be 1/((-1)/(-3)*1). Suppose -y*z - z + 44 = 0. Calculate the remainder when z is divided by 6.
5
Calculate the remainder when 35 is divided by (1 - 0)*(-9)/(-1).
8
Let d be 3*(0 + (-4)/(-6)). Suppose 0 = s + d - 7. Calculate the remainder when 14 is divided by s.
4
Let j = 1 - 1. Suppose j = -0*r - r + 17. Calculate the remainder when 33 is divided by r.
16
Calculate the remainder when 45 is divided by (-13)/(-1 + 0/(-3)).
6
Let k(q) = -2*q**3 + q**2 + 4*q - 1. Let b(i) = -i**3 - 4*i**2 + 5*i + 4. What is the remainder when k(-2) is divided by b(-5)?
3
What is the remainder when (-2 - 18)*(3 + -5) is divided by 11?
7
Let y = 29 - 20. Suppose 0*x - 3*x = 150. Let b = -34 - x. What is the remainder when b is divided by y?
7
Let m(v) = -v**2 - 3*v - 1. What is the remainder when m(-1) is divided by 1?
0
Suppose -111 = -3*t - 4*s + 16, -16 = -4*s. What is the remainder when t is divided by 13?
11
Let u = 5 - 3. Let d be u - (-120)/(3 + 0). Suppose 2*m - d = 34. Calculate the remainder when m is divided by 13.
12
Let o(z) = -3*z**2 + 9*z + 6. Let u(j) = -16*j**2 + 46*j + 31. Let q(a) = 11*o(a) - 2*u(a). What is the remainder when q(6) is divided by 4?
2
Let o = 0 - -2. Suppose -o*g + 6*g = 148. Calculate the remainder when g is divided by 10.
7
Let n be (-4)/(-3) + (-6)/(-9). Let d(v) = 11*v - 2. Let l = 18 - 11. Calculate the remainder when d(n) is divided by l.
6
Suppose -10 = 5*h - 35. Let t be 1 - -4 - (1 - -1). Calculate the remainder when h is divided by ((-4)/t)/(4/(-6)).
1
Let a(s) = -s**3 + 4*s**2 + 7*s - 7. Suppose 4*r + 15 = 7*r. Let x be a(r). Suppose 0 = -4*h + x*h + 25. Calculate the remainder when h is divided by 13.
12
Let v = 220 - 59. Let b be 6/(-10) + v/35. Suppose -3*w + 63 = 3*o, w - b*o - 49 = -2*w. What is the remainder when 55 is divided by w?
17
What is the remainder when 0 - (3 - (4 - -46)) is divided by 16?
15
Let j be (-36)/(-1) + (-2 - -5). Suppose -2*t = 3*f - 59, 3*f - 2*t - j = t. What is the remainder when 67 is divided by f?
16
Suppose 4*d - 58 = -3*h + 74, -175 = -4*h - 5*d. Calculate the remainder when 78 is divided by h.
38
Suppose 6 - 16 = -z. Calculate the remainder when z is divided by 2.
0
Let n(u) = u**3 + 11*u**2 + 9*u + 6. Calculate the remainder when 79 is divided by n(-10).
15
Let g(x) = 7*x**2 - 34*x - 2. What is the remainder when 12 is divided by g(5)?
0
Suppose v = 3*v - 22. Let g(b) = -b**3 - 3*b**2 - b + 1. What is the remainder when g(-4) is divided by v?
10
Let x = 4 + 9. Calculate the remainder when (-2 + 6 - -33) + -1 + 1 is divided by x.
11
What is the remainder when 63 is divided by (-10 - 100/(-30))*-3*1?
3
Let w = -9 + 6. Let b = 10 - w. What is the remainder when 50 is divided by b?
11
Suppose -5*p = 4*m - 10*p - 8, -3*m + 6 = -4*p. Calculate the remainder when 4 is divided by m.
0
Let z = -3 + 2. Let y = z + 0. Calculate the remainder when 29 is divided by (-2)/(-1 + y) - -9.
9
Let c(f) = -2*f + 8. Let g be c(3). Calculate the remainder when (-1 + g - -33) + -2 is divided by 11.
10
Let i = -105 + 120. Calculate the remainder when 350/6 - (-2)/(-6) is divided by i.
13
Let t(v) = 4*v + 1. Let o be t(-5). Let y(b) = -b**3 + 34*b**2 - 36*b + 47. Let s be y(33). Let r = o - s. What is the remainder when r is divided by 9?
6
Suppose -4*v + 1 = -3*v. Suppose -m - 4 - v = 0. Let x(c) = c**3 + 5*c**2 - 4*c - 4. Calculate the remainder when 47 is divided by x(m).
15
What is the remainder when (2 + 0)*5/(-10) + 57 is divided by 23?
10
Let u(l) = l**3 - 4*l**2 - 5*l - 7. Let n be u(6). Suppose y - 5*j + j = 81, 308 = 3*y + j. Suppose n + y = 4*s. Calculate the remainder when s is divided by 9.
7
Let a(f) = f**3 + 13*f**2 + 11*f. Calculate the remainder when 71 is divided by a(-12).
11
Calculate the remainder when 84 is divided by (-4)/((-7)/((-77)/(-2))).
18
Let r = 2 - 0. Let n = -95 - -99. What is the remainder when n is divided by (1 - r)/(-1)*2?
0
Suppose 4*o + 0*o = 20. Suppose -120 = -5*c - o*i, i + 84 = 4*c + 2*i. Calculate the remainder when 78 is divided by c.
18
Let t(n) = -n**3 + 5*n**2 + 5. Let b = 14 - 9. What is the remainder when 340/25 - 9/15 is divided by t(b)?
3
Let o be 1*(4 - (-1 + 3)). Suppose -5*x = -2*y + 28, 5*y + o*x - 70 = -x. What is the remainder when 25 is divided by y?
11
Let z(l) = -59*l - 1. Let u be z(-2). Let m be (-990)/(-8) - 1/(-4). Suppose u = 3*n - 3*b, 3*n + 2*b + 12 = m. What is the remainder when n is divided by 20?
18
Let g be (-2 - 68/8)*-2. Let i = g - 15. Calculate the remainder when 21 is divided by i.
3
Let o(g) = -g**2 - 12*g - 20. Suppose -3*b = -4*b + 45. Calculate the remainder when b is divided by o(-8).
9
Let m = 11 + -16. Let g = 10 + m. What is the remainder when 2/8 + (-70)/(-8) is divided by g?
4
Let y(m) = m**3 + 6*m**2 - 2*m - 5. Let v = 8 - 14. Calculate the remainder when 27 is divided by y(v).
6
Let c(j) = 2*j - 3. Calculate the remainder when -2 - ((-328)/18 + (-4)/(-18)) is divided by c(6).
7
Suppose -4*w = -16, -3*o + w + 16 = o. Let u(l) = 6*l - 7. Calculate the remainder when u(o) is divided by 23/2 + (-8)/(-16).
11
Suppose -2*v + s + 27 = 0, 23 + 5 = 3*v + s. Let h = 78 - 29. Suppose 0 = 4*t - h - 35. What is the remainder when t is divided by v?
10
Let a(q) = q**3 - q**2 + q + 26. What is the remainder when a(0) is divided by 14?
12
Suppose -149 - 307 = -4*g. Suppose -5 = 3*z - 5*o - g, 0 = 5*z - o - 189. What is the remainder when z is divided by (0 - (1 + 0))*-13?
12
Suppose 4*b = 37 + 207. What is the remainder when b is divided by 23?
15
Suppose 5*d = 4*g + 187, d + 4*d = 5*g + 190. Calculate the remainder when d is divided by 6.
5
Suppose -42 = -4*p + 10. What is the remainder when 38 is divided by p?
12
Let w = 148 - 74. Let y(p) = -4*p - 32. Let r be y(-14). Suppose 2*g - 62 = -r. Calculate the remainder when w is divided by g.
17
Let v(h) = h**2 - 2*h - 1. Let i = 1 + 42. Calculate the remainder when i is divided by v(-4).
20
Suppose -4*f - 135 = y, 85 + 62 = -y - f. Let m = 335 + y. What is the remainder when (-6)/15 + m/10 is divided by 5?
3
What is the remainder when (-5)/(5/(-2)) - -22 is divided by 13?
11
Suppose 4*l - 2 = 2. Let g = 10 - l. 